mber?
False
Let h = 1398 - -1369. Is h composite?
False
Suppose 4*b - 55 = 41. Is 8097/2 + (b/6)/8 composite?
False
Let f(u) = 246*u**3 - 7*u. Is f(5) a prime number?
False
Let o(u) = 1900*u + 3. Let l(s) = s. Let b(y) = 5*l(y) - o(y). Is b(-2) a composite number?
True
Let m(i) = -1916*i + 11. Is m(-25) composite?
False
Let h be 0 + 0 - -2 - -3. Suppose -5*w = 3*j - 0*w - 2761, h*j - w - 4583 = 0. Is j prime?
False
Let x = -1 - 5. Let s(q) = -2*q**3 - 9*q**2 - 8*q + 5. Let c(i) = -i**3 - i**2 - i. Let m(k) = c(k) - s(k). Is m(x) composite?
True
Let i = 29 - 26. Suppose 4*t + 177 = 5*q, t = i*q + 3*t - 115. Is q a prime number?
True
Let q be (4/16 + 0)*0. Suppose q = 2*o + 3*o - 1885. Is o a prime number?
False
Let c = -27080 + 45971. Suppose 23*x - 32*x + c = 0. Is x a composite number?
False
Let j(y) = -y**2 - 8*y + 2. Let a be j(-7). Suppose -3*t = -5*w - 15, -t - 4*w + 7*w + a = 0. Suppose t*o - 10 = -o. Is o a prime number?
False
Let b(g) = 6*g + 2. Let p be b(-2). Let n = -198 - -229. Let u = p + n. Is u a composite number?
True
Let a = 10423 + -4800. Is a a prime number?
True
Let g(t) = -t - 2. Suppose -4*y - 3 = 5. Let c be g(y). Suppose -2*s + 72 = 2*x + s, c = -5*x + s + 163. Is x prime?
False
Suppose -5*w + 4*z + 153763 = 0, -3*z + 30764 = -2*w + 3*w. Is w composite?
True
Suppose r - 4886 = -2*a, 2*r = 3*a + 6*r - 7334. Suppose -7*h = -h - a. Is h composite?
True
Let g(z) = -3*z**3 + z**2 - z + 1. Let k be g(2). Let u be (2 + k)*4/4. Let t(m) = -m**2 - 19*m + 13. Is t(u) a composite number?
False
Let s = -3 - -6. Suppose -3 = s*r - 60. Is r prime?
True
Suppose 0 = -2*k, k + 274114 - 58590 = 4*y. Is y prime?
True
Is (-4)/(-18) + 0 - (-57554)/126 composite?
False
Let n(o) = 121*o**2 + 9*o - 9. Is n(-8) prime?
False
Let s = 9 + 0. Suppose 12*n = s*n + 2829. Is n a prime number?
False
Let g be (1 + -2)*3 + 0. Is 0 - (-4 - (-5247)/g) - 0 composite?
False
Let u(w) = -279*w - 7. Let l be -16*(6/(-1) - -4). Let t = 30 - l. Is u(t) composite?
True
Let s = -1 - 0. Let v be ((-75)/s)/(18/24). Suppose -n - v = -2*d + n, -118 = -3*d - 5*n. Is d prime?
False
Suppose 9901 = 4*w - 3*g, w - 552 - 1947 = -4*g. Is w a composite number?
True
Suppose -5*r + 2*r + 9 = 0. Let x(v) = -v**2 - v + 997. Let s be x(0). Suppose 3*h - 479 = -r*d + 253, 0 = 4*h - 3*d - s. Is h a prime number?
False
Let p = 3038 + -8557. Let v = p - -9606. Is v prime?
False
Suppose 0 = d + 4*i - 12, -11 = -4*i + 9. Let m(p) = -p**3 + 2*p**2 - 9. Is m(d) composite?
False
Is 3/(-8) - 103084/(-32) a prime number?
True
Let q(d) = -2*d - 4. Let x = -28 - -25. Let t be q(x). Suppose 3*n - 61 = -t*a, n + 89 = 6*n - 3*a. Is n prime?
True
Is 749 - ((-45)/5)/(-3) a prime number?
False
Let t(i) = 4*i**2 - i + 1. Let d be t(2). Let z be 3/d - (-48)/10. Suppose -z*q + 185 = 2*k, -3*k + 37 = q - 4*k. Is q a prime number?
True
Let o be (-50209)/69 + 4/18*3. Let v = o - -1224. Is v a prime number?
False
Let y(x) = 69*x**2 + x + 15. Is y(-5) a prime number?
False
Let p(u) = -40*u**2 + 6*u - 1. Let k be p(6). Let w = k - -2358. Is w prime?
True
Let w = 16 - 6. Suppose -62 + w = -2*m. Is m prime?
False
Is (-222645)/(-10)*8/6 a prime number?
False
Suppose 0 = l - 2, -5*z + 7548 = 2*l - 3231. Is z a composite number?
True
Is 7325/4 - 18/72 prime?
True
Let l(a) = 12*a**2 - 7*a - 7. Let i = 7 - 13. Is l(i) a composite number?
False
Suppose -38*h = -41*h - 2*o + 11471, -2*o + 15298 = 4*h. Is h a composite number?
True
Let d(k) = -26*k + 61. Let b(x) = -5*x + 12. Let s(n) = -11*b(n) + 2*d(n). Let a be s(5). Suppose 0 = -a*j + 6*j - 33. Is j a composite number?
True
Suppose -n + 3*c = -3*n + 23, 3*c = 4*n - 1. Suppose v - 1219 = -n*m, -2*m - v + 560 = -49. Is m prime?
False
Let n(a) = -66*a**3 - 5*a - 12. Is n(-5) a composite number?
False
Let w = -10199 + 19228. Is w composite?
False
Let r be 2/(-3)*3*-1. Suppose 5*j - 215 = 5*m, -r*m - 47 = -j - 0*m. Suppose j = -5*o + 224. Is o a composite number?
False
Let x(u) = u - 5. Let f be x(-4). Is (-771)/(-9) - 3/f a prime number?
False
Suppose 3*h - 9 = -m + 4*m, 3*h + 5*m - 17 = 0. Suppose i - 5*c - 1466 = 0, 5*i - h*c = 7836 - 443. Is i a prime number?
True
Let z(w) = 7*w**3 + 3*w**3 - 3*w**2 + 3 - 16*w**3 + w**3. Is z(-5) a prime number?
False
Suppose 7*q - 13*q = -5718. Is q a prime number?
True
Suppose -4*r = 3*k - 5507, 2755 = 2*r + 6*k - 5*k. Is r prime?
False
Suppose -368*i = -363*i - 11015. Is i prime?
True
Let c be (2/3)/(3/(-81)). Let u = c + 22. Let q(d) = 5*d**3 - d**2 - 2*d - 1. Is q(u) composite?
True
Suppose 5*s - 2*s - 6 = 0. Let o be (2/(-4))/(s/(-12)). Suppose 4*x - 6 = 2*w, 3*w + o*x - 4*x = 16. Is w a composite number?
False
Is -2218*((-1)/(-4))/((-23)/138) prime?
False
Let q(m) = -59*m - 25. Let t be -1 - (-3 + (-30)/(-5)). Is q(t) a composite number?
False
Let l = -3378 - -6677. Is l composite?
False
Suppose 2*r = -5*q + 7798 + 1191, -3586 = -2*q - 4*r. Is q prime?
False
Let w(f) = -2*f + 37. Let u be w(17). Suppose -k = -o + 793, -8*k + 11*k - u = 0. Is o prime?
False
Suppose -4*u + 34 = x - 3, 2*u = 6. Suppose 0 = -5*q - x, h + 14 = -h - 4*q. Is (-1 - -266)*h/5 a prime number?
False
Suppose -4*k + 4*v + 1592 = 0, 6*v - 2*v = k - 383. Is k composite?
True
Let x be -4 - 7/((-21)/36). Suppose x*v = 4*v - 8. Is 110 + (-3)/(1 - v) prime?
True
Is (-1 + 7)*76935/90 a prime number?
False
Let r be (0 + 59)/((-1 + 2)*1). Suppose -r*o = -61*o + 4618. Is o a prime number?
True
Suppose -4*r + 2*d + 12086 = 0, 0*r = -3*r + 3*d + 9072. Is r a composite number?
False
Let f(r) = 2*r**2 - r - 13. Suppose 13*k = 18*k + 45. Is f(k) a prime number?
False
Suppose -19384 + 89584 = 6*q. Suppose -3*u = -4*w - 5*u + q, 2923 = w + u. Is w composite?
False
Is 6/5 + (-747)/(-15) composite?
True
Suppose 0 = 6*y + 29 + 427. Let k = y + 107. Is k composite?
False
Let c(h) = h. Let q(p) = 7*p**2 - 3*p + 8. Let j(g) = -4*c(g) + q(g). Let z be j(-6). Let x = -179 + z. Is x a prime number?
False
Suppose -4*i + 65 = -3. Let w = -2 + i. Is w prime?
False
Suppose -4*p = -p - 951. Let t(k) = -k**2 - 2*k + 37. Let s be t(5). Suppose -p = -n + s. Is n prime?
False
Let s be (0 - -1)*(-7)/(35/(-10)). Suppose -707 = -a + s*q, 2*a - 4*a + 5*q = -1418. Is a prime?
False
Let g(r) = 2*r + 2. Let z be g(0). Is (5*z)/(8/124) prime?
False
Suppose -5*j - 592 = 3*j. Let d = 1691 - j. Is d prime?
False
Let m(p) = -9*p - 11. Let u be m(0). Is -3 + (937 + u - (-4)/(-1)) a composite number?
False
Let o be (-2)/9 + (-464)/(-144). Is (-5 + 4)*o - -380 prime?
False
Suppose 0 = -5*w - g + 6152 + 20358, -w - 4*g = -5283. Is w prime?
True
Let t be (-12)/(-8)*-1*-110. Suppose -5*w + t = -10*w. Let m = w - -100. Is m composite?
False
Let r(x) = -x**2 - 26*x - 12. Suppose 3*y - 9 = -0*y. Suppose 4*t + b = -54, -y*t - 31 = -2*b - 2*b. Is r(t) a prime number?
True
Suppose 70*y = 65*y - 305. Let z = y - -80. Is z a composite number?
False
Suppose 42*m - 5930 = 32*m. Is m a prime number?
True
Let x = -4 - -6. Let s be 0 - (732/x + 0). Let l = s + 617. Is l a composite number?
False
Suppose 0 = -d + 3*y - 3 - 3, 2*d = -3*y + 6. Suppose d = 7*h - 9853 - 17776. Is h composite?
False
Let x = 1 - -2. Suppose -h = -3*h - o + 1781, -x*h = -5*o - 2652. Suppose -6*k = k - h. Is k a composite number?
False
Suppose -5*f - 34 = 31. Let p(s) = s**2 + 12*s + 17. Let u be p(f). Suppose -l + 63 + u = 0. Is l a prime number?
False
Let n be 17/15 + (-14)/105 - 1. Suppose n = h + 5*h - 1494. Is h a prime number?
False
Suppose -9587 + 71642 = 5*r. Suppose -r = -14*j - 2653. Is j composite?
True
Suppose 13179 + 81751 = 22*u. Is u a prime number?
False
Let q(y) = y**3 + 5*y**2 + 3*y - 4. Let b be q(-4). Let a be (-3 - b)/3*-5. Suppose -a*z = 3*j - 129, j + 0*z + z = 41. Is j a prime number?
False
Let p = 4752 + -2111. Is p a composite number?
True
Let o(d) be the first derivative of -92*d**4 + 2*d**2 + 3*d + 29. Is o(-1) composite?
False
Let k = 59 + -56. Is (k + 1 - -3814)*2/4 prime?
False
Let g(l) be the second derivative of -l**3/6 + 3*l**2 - 3*l. Let q be g(0). Is (-435 - q/3)*-1 composite?
True
Let v = -33 - -85. Suppose 0 = 2*z + t - v, -5*z - t + 130 = -4*t. Is z prime?
False
Suppose 3*s - 170 = -41. Let v = 151 - s. Suppose 5*n - n - 234 = q, -2*n + 5*q + v = 0. Is n a composite number?
False
Let l(b) = b**3 - 33*b